-i**2 + 5*i - 2. Let y be w(3). Let p(q) = 6*q + 84. Let k be p(-12). Calculate the highest common factor of k and y.
4
Let x be (-2)/(-3) + 136/12. Suppose -4*u + 16 = b, -5*u - 2*b + 3*b + 20 = 0. Let t be u/6 + 40/12. What is the greatest common factor of t and x?
4
Let l = 375 + -307. Calculate the greatest common factor of l and 476.
68
Let a = 8 - 45. Let c = -8 - a. What is the highest common factor of c and 145?
29
Suppose -3*i - 4*k + 1284 = 0, -3*k + 924 = -3*i + 2229. Calculate the greatest common factor of 27 and i.
27
Let k = 15 + 9. Suppose 4*t - k = 208. Let d = t - 40. What is the highest common divisor of d and 6?
6
Suppose 2*r - 3*u + 6*u - 39 = 0, 3*u + 33 = 4*r. Suppose -2*b = -133 - 83. Calculate the greatest common divisor of r and b.
12
Suppose 15*u = 18*u - 12. Let t(d) = 2*d - 7. Let o be t(6). Suppose -2*k - o*a + 51 = k, -u*k = 3*a - 79. What is the greatest common divisor of k and 33?
11
Suppose -3*v - a + 2928 = 727, 16 = -4*a. Calculate the highest common divisor of 21 and v.
21
Suppose -38*k + 20611 - 2979 = 0. Calculate the greatest common divisor of 16 and k.
16
Suppose -7*v + 5*v - 76 = 0. Let y = v - -43. Suppose -3*u - 12 = -y*u. What is the highest common factor of u and 66?
6
Suppose 4*a = 3*a + 6. Let k(s) = -2*s**3 - 4*s**2 + 6. Let y be k(-2). What is the highest common divisor of y and a?
6
Let r be (-14)/((-11)/(-6) + -2). Suppose 28*l = 27*l - 93. Let y = l - -114. Calculate the highest common divisor of y and r.
21
Let l be -15*(-2 - 18/15). Let h = -46 + l. Suppose -2*j + n = -2*n - 17, -2*n + 90 = 5*j. What is the highest common divisor of h and j?
2
Suppose 0 = -3*i - 2*u - 77, 0*u + u + 82 = -3*i. Suppose -5*h - 100 = -5*z, 4*z = h - 45 + 131. Let b = z - i. Calculate the highest common factor of b and 34.
17
Suppose 10*i - 92 = -q + 9*i, 297 = 3*q - 4*i. What is the highest common factor of q and 1140?
95
Suppose 160 = 2*u + 2*i, -u + 33 + 32 = -2*i. Let d = u - 44. What is the greatest common divisor of 93 and d?
31
Suppose 7*b - 66 = -3. Let t(g) = -g**2 - 7*g - 6. Let l be -6 - (2 - 0)*-1. Let v be t(l). What is the highest common factor of b and v?
3
Suppose -3*l + 2*x = -7*l + 158, 0 = l - x - 44. Let k = l - 20. Let y(f) = -500*f + 7. Let r be y(0). What is the greatest common factor of k and r?
7
Let w(k) = 5 + 24*k - 47*k**3 + 22*k**3 - 18*k**2 + 26*k**3. Let o be w(17). What is the highest common divisor of 31 and o?
31
Suppose -5*r = -0*r. Let j be ((-114)/(-1))/3 - r. Let p be 39/104 + (-453)/(-8). Calculate the greatest common divisor of p and j.
19
Let u be (-152)/4*(44/(-8))/1. Calculate the greatest common factor of u and 19.
19
Suppose -2*s - 3600 = -10*s. Suppose -z + 6*z = s. What is the greatest common factor of z and 9?
9
Let u(i) be the second derivative of i**5/20 + 5*i**4/6 - 4*i**3 + 3*i**2/2 + 4*i. Let y be u(-12). Calculate the greatest common factor of 21 and y.
3
Suppose -5*j = -8*i + 2794, 15*j - 12*j - 1038 = -3*i. Calculate the greatest common divisor of 12 and i.
12
Let u = 135 - 95. What is the greatest common factor of u and 16?
8
Let m(a) = 2*a**3 - 36*a**2 + 26*a - 44. Let c be m(18). Calculate the highest common factor of 53 and c.
53
Let v = -12 - -13. Suppose -5*b = v - 21. Suppose -2*c + 367 = c - 2*f, -4*f = -b*c + 496. What is the greatest common factor of 17 and c?
17
Let x(h) = h**3 - 6*h**2 + 4*h - 4. Let n be x(6). Let i be 1*(-6)/(-15) - (-1498)/5. Suppose 12*o - 18*o = -i. Calculate the highest common divisor of o and n.
10
Suppose 0 = k, -2*w + 191 = 4*k - 1. Suppose -2*m = -3*b - w, -m - 3*b + 48 = -5*b. What is the greatest common divisor of m and 336?
48
Let o be 1/(-2) - (-37)/2. Suppose 4*v + v = 2*d - 37, -5*v + 7 = 2*d. Let g be d - (-1 + (-1)/4*0). Calculate the greatest common divisor of o and g.
6
Let l be (-60)/18*15/(-10). Let a(t) = 0 + 8*t + 5 - 6. Let i be a(l). What is the highest common divisor of i and 13?
13
Suppose -5 = 4*v - 101. Let d be (1 - -15)/((-4)/(-24)). Calculate the greatest common factor of v and d.
24
Let w = 56 + -45. What is the greatest common factor of 253 and w?
11
Let o(v) = -v**2 - 13*v. Let j be o(-12). Let t = 115 + -81. Suppose 0 = 2*g + 8, 5*g - t = -5*f + 2*f. Calculate the greatest common divisor of j and f.
6
Let o(n) = n**2 - 2*n - 1. Let r be o(3). Suppose 0 = -y - 3*g + 13, -y - g + r = -19. Let a = 95 - 20. What is the greatest common factor of y and a?
25
Let x = -925 - -969. What is the greatest common divisor of x and 4?
4
Let u(m) = -3*m + 51. Let t(r) = r - 25. Let p(g) = 9*t(g) + 4*u(g). Let d be p(15). Let k be 12/30 + d/(-10). What is the greatest common factor of 63 and k?
7
Let s = -804 + 869. What is the highest common factor of 13 and s?
13
Let d be 6/(-15) - (-264)/10. Suppose -32 = -5*n + i, 4*n - i - d = -0*i. Let r(p) = -6*p - 9. Let x be r(-4). Calculate the greatest common factor of x and n.
3
Let a = -3540 - -3545. Suppose -2*j + 32 = 4*g - 44, 4*j - 2*g = 162. Calculate the highest common factor of j and a.
5
Let y(u) = 12*u**2 + 53*u + 101. Let f be y(-3). Let i be (8/1)/(2/10). Suppose 0*z - i = -2*z. What is the greatest common factor of f and z?
10
Let c = 1310 + -1290. What is the highest common divisor of c and 3020?
20
Let t = 4 - 0. Suppose i + 4*k + 4 = 0, 12 = -0*i + i - t*k. What is the highest common divisor of i and 10?
2
Let p = 11 - -322. Calculate the highest common factor of 37 and p.
37
Suppose -3*n - 15 = -2*z, 15 = 3*z - 4*n - 9. What is the greatest common divisor of 318 and z?
6
Let c be (1 + -1)/(4/(-2))*1. Suppose 2*p + c*p - 4 = 0. Calculate the greatest common factor of p and 14.
2
Suppose 10*l - 1868 = 1172. What is the highest common factor of 38 and l?
38
Suppose 0*r - 3*r + 51 = 5*u, 0 = -4*u + 5*r + 26. Suppose a - u*a + 2880 = 0. Calculate the highest common factor of a and 40.
40
Suppose -4*v - 2*u + 10 = -3*u, -6 = -2*v + u. Let n be 5 + 2/(6/(-9)). Suppose 4*m + n - 6 = 0. Calculate the highest common factor of v and m.
1
Suppose 4*c - 5*q = 7*c - 18, -3*c = -5*q + 12. Calculate the greatest common divisor of c and 2.
1
Let i = 8 + -4. Let d = 180 + -128. Suppose -i*x = -d + 12. Calculate the greatest common factor of 110 and x.
10
Let s(w) = -w**2 - 7*w + 1. Suppose 0 = 3*r - 9*r - 36. Let o be s(r). Let m = o - -3. What is the greatest common divisor of 2 and m?
2
Let a = -47 + 44. Let f be a/(-3)*(-2 + 15 + -2). Calculate the highest common factor of 121 and f.
11
Suppose 12*i - 5*i - 196 = 0. Calculate the highest common factor of i and 2.
2
Suppose 124*o = 5*c + 123*o - 100, -3*o + 20 = c. What is the greatest common divisor of 5 and c?
5
Let a(o) = -5*o**2 + 5*o**2 + 0*o**2 + 6*o**2. Let i be a(-2). Suppose -3*g + 0*s + 3 = 3*s, 0 = -5*s - 25. What is the highest common factor of g and i?
6
Let l be 14/56*2 - (-382)/4. What is the greatest common divisor of l and 192?
96
Let v = 114 - 112. Suppose -4*w = -5*b - 148, 2*w + 2*w - v*b - 136 = 0. Calculate the greatest common divisor of 48 and w.
16
Suppose -23 = -4*j - 31. Let v be -6 + 15 - (-1)/(j/(-6)). What is the highest common divisor of v and 6?
6
Let p be (-7)/(7/10)*-1. What is the highest common divisor of p and 430?
10
Let k(z) = 2*z**2 + 3*z + 8. Let i be k(4). Let s = i - 28. Suppose -2*q + 4 = -2. What is the greatest common factor of q and s?
3
Let w = 7 + -4. Suppose -12 = -4*p - 2*n, -2*p - w*p = -3*n - 15. Suppose -6 = -p*u + u. What is the highest common divisor of 12 and u?
3
Let n = 48 + -67. Let v = 46 - n. Suppose -3*x + 5*i = -23, 5*x = -0*i - 5*i + v. Calculate the greatest common factor of 88 and x.
11
Suppose -3 = 2*f - 7. Suppose -f*v + 66 = -0*v. Suppose -3*q = -45 - 21. What is the highest common factor of v and q?
11
Let j be 24/168 - 69/(-7). Calculate the greatest common factor of j and 50.
10
Let l = -68 - -29. Let w = -21 - l. Let i = -4 + w. What is the highest common factor of i and 98?
14
Suppose 31 - 3 = 2*q. Let v(w) = 7*w - 287. Let l be v(46). What is the highest common factor of q and l?
7
Let v be (-21)/(-9)*(-5 - -8). Suppose 14*g - 42 = v*g. Suppose -5 = -2*m + 7. What is the highest common divisor of m and g?
6
Suppose -25 - 27 = -2*v. Let n(o) = 3*o**3 - 3*o**2 + 11*o + 20. Let i be n(4). What is the greatest common factor of v and i?
26